51 is divided by 797222?
541
What is the remainder when 2494867 is divided by 145?
142
Calculate the remainder when 7466017 is divided by 7465932.
85
What is the remainder when 873058 is divided by 7873?
7028
What is the remainder when 1273124 is divided by 2037?
2036
Calculate the remainder when 112080 is divided by 578.
526
What is the remainder when 37693 is divided by 1541?
709
What is the remainder when 31817 is divided by 4510?
247
Calculate the remainder when 1005886 is divided by 91406.
420
Calculate the remainder when 9041066 is divided by 4391.
4388
Calculate the remainder when 6779471 is divided by 168.
167
Calculate the remainder when 39005 is divided by 4707.
1349
Calculate the remainder when 255642 is divided by 4980.
1662
What is the remainder when 957741 is divided by 78?
57
Calculate the remainder when 1646758 is divided by 63294.
1114
Calculate the remainder when 894928 is divided by 13727.
2673
What is the remainder when 714573 is divided by 102078?
27
Calculate the remainder when 1115767 is divided by 557869.
29
What is the remainder when 10081799 is divided by 675?
674
Calculate the remainder when 214213 is divided by 26774.
21
Calculate the remainder when 102249 is divided by 4088.
49
Calculate the remainder when 4563971 is divided by 465.
461
What is the remainder when 470665 is divided by 39214?
97
Calculate the remainder when 275404640 is divided by 47.
9
Calculate the remainder when 2331607 is divided by 111.
52
Calculate the remainder when 559558 is divided by 4996.
6
Calculate the remainder when 941770 is divided by 754.
24
Calculate the remainder when 13514466 is divided by 249.
240
What is the remainder when 702710 is divided by 140467?
375
Calculate the remainder when 4491891 is divided by 245.
61
Calculate the remainder when 3333021 is divided by 88.
21
What is the remainder when 182092 is divided by 5872?
60
What is the remainder when 179821 is divided by 178?
41
Calculate the remainder when 2877815 is divided by 1438890.
35
What is the remainder when 73011 is divided by 343?
295
Calculate the remainder when 81416 is divided by 26001.
3413
Calculate the remainder when 871791 is divided by 290596.
3
What is the remainder when 48467465 is divided by 19302?
143
Calculate the remainder when 476170 is divided by 64.
10
Calculate the remainder when 416486 is divided by 415949.
537
What is the remainder when 3908092 is divided by 898?
894
What is the remainder when 4177667 is divided by 85?
2
Calculate the remainder when 60979 is divided by 3019.
599
What is the remainder when 73581 is divided by 70736?
2845
Calculate the remainder when 140143163 is divided by 266.
265
What is the remainder when 2427711 is divided by 128?
63
Calculate the remainder when 3420064 is divided by 158.
154
Calculate the remainder when 4130958 is divided by 4652.
4634
Calculate the remainder when 103554 is divided by 602.
10
Calculate the remainder when 70703 is divided by 942.
53
Calculate the remainder when 3403 is divided by 542.
151
Calculate the remainder when 112403493 is divided by 188.
173
What is the remainder when 2812134 is divided by 38?
20
Calculate the remainder when 59853458 is divided by 586.
4
What is the remainder when 1126826 is divided by 563086?
654
What is the remainder when 36428 is divided by 1372?
756
Calculate the remainder when 10537043 is divided by 663.
647
What is the remainder when 1298219 is divided by 14?
13
What is the remainder when 3025107 is divided by 1008328?
123
Calculate the remainder when 208641 is divided by 1059.
18
Calculate the remainder when 65540 is divided by 68.
56
What is the remainder when 1604172 is divided by 229167?
3
What is the remainder when 1409010 is divided by 44?
42
Calculate the remainder when 788120 is divided by 278.
268
Calculate the remainder when 25050 is divided by 1102.
806
What is the remainder when 353893 is divided by 989?
820
Calculate the remainder when 260524 is divided by 18974.
13862
Calculate the remainder when 940087 is divided by 189.
1
What is the remainder when 8756779 is divided by 70054?
29
Calculate the remainder when 4584819 is divided by 1528260.
39
Calculate the remainder when 7893 is divided by 7880.
13
Calculate the remainder when 52980575 is divided by 9.
5
Calculate the remainder when 338634 is divided by 478.
210
Calculate the remainder when 322629781 is divided by 5.
1
What is the remainder when 1320404175 is divided by 4539?
4536
Calculate the remainder when 972011 is divided by 23.
8
Calculate the remainder when 4510138 is divided by 132651.
4
Calculate the remainder when 127111 is divided by 685.
386
Calculate the remainder when 8475785 is divided by 7.
3
Calculate the remainder when 4511801 is divided by 868.
805
What is the remainder when 7297859 is divided by 17?
14
Calculate the remainder when 7493658 is divided by 3746746.
166
Calculate the remainder when 2842446 is divided by 947465.
51
Calculate the remainder when 248412 is divided by 124093.
226
What is the remainder when 2653890 is divided by 241262?
8
What is the remainder when 27154972 is divided by 22?
20
Calculate the remainder when 4277053 is divided by 35056.
221
Calculate the remainder when 29689166 is divided by 780.
26
What is the remainder when 763476 is divided by 235?
196
Calculate the remainder when 9406350 is divided by 5.
0
Calculate the remainder when 38227 is divided by 1640.
507
What is the remainder when 4539309 is divided by 11610?
11409
Calculate the remainder when 479993 is divided by 1604.
397
What is the remainder when 565403776 is divided by 34?
28
Calculate the remainder when 5528044 is divided by 1058.
1052
What is the remainder when 14295 is divided by 234?
21
Calculate the remainder when 13458337 is divided by 21919.
71
Calculate the remainder when 2822880 is divided by 1646.
1636
What is the remainder when 301170449 is divided by 2494?
2491
Calculate the remainder when 28303334 is divided by 165516.
98
What is the remainder when 239413 is divided by 59574?
1117
What is the remainder when 400434 is divided by 894?
816
Calculate the remainder when 282514 is divided by 1378.
24
Calculate the remainder when 154787 is divided by 4069.
165
Calculate the remainder when 9182387 is divided by 170.
7
Calculate the remainder when 18788 is divided by 6003.
779
What is the remainder when 6281860 is divided by 6281751?
109
What is the remainder when 15190478 is divided by 2531742?
26
What is the remainder when 123818 is divided by 20306?
1982
Calculate the remainder when 4295400 is divided by 1431748.
156
What is the remainder when 5513755 is divided by 133?
107
What is the remainder when 7690958 is divided by 1538191?
3
Calculate the remainder when 3323712 is divided by 1661831.
50
What is the remainder when 543829 is divided by 37?
3
What is the remainder when 3566329 is divided by 278?
145
Calculate the remainder when 1477306 is divided by 134300.
6
What is the remainder when 9527511 is divided by 6644?
15
Calculate the remainder when 689241 is divided by 21.
0
Calculate the remainder when 6984842 is divided by 554.
10
What is the remainder when 19936457 is divided by 9968228?
1
What is the remainder when 62807 is divided by 31394?
19
Calculate the remainder when 40098759 is divided by 5524.
43
What is the remainder when 13298555 is divided by 910?
725
What is the remainder when 50141 is divided by 4470?
971
Calculate the remainder when 1931059 is divided by 4272.
115
What is the remainder when 1965627 is divided by 298?
19
What is the remainder when 3444662 is divided by 2531?
2502
Calculate the remainder when 1612462 is divided by 1043.
1027
What is the remainder when 45082 is divided by 521?
276
Calculate the remainder when 2941196 is divided by 6.
2
Calculate the remainder when 343195 is divided by 176.
171
Calculate the remainder when 6954186 is divided by 316.
290
What is the remainder when 6236304 is divided by 604?
4
What is the remainder when 3170005 is divided by 43424?
53
Calculate the remainder when 7600579 is divided by 165.
19
Calculate the remainder when 121806 is divided by 3061.
2427
Calculate the remainder when 109024676 is divided by 4946.
4944
Calculate the remainder when 88297 is divided by 25503.
11788
Calculate the remainder when 75496 is d